hat is the value of 2 - ((18 + -4 - 3) + -2)?
-7
What is 8 - (-4 - -2) - (26 + (21 - 38))?
1
Evaluate 21 + (38 - 32) + -21.
6
Evaluate -37 + (1 - -8 - -10) + -15.
-33
Evaluate -11 + -1 + (-49 - -30) + 26.
-5
Calculate -18 + 8 + -4 + -1 - -45.
30
What is the value of 24 + 15 + (-60 - -25)?
4
Calculate -14 + (7 - 7) - -13 - (0 + 1).
-2
Calculate -3 - 0 - 1 - (-44 - -22 - -25).
-7
Evaluate -6 + -1 + (-287 - -272).
-22
2 - (92 - 83) - (-1 - -7)
-13
Evaluate 14 - (7 + -5) - (-52 - -40).
24
What is the value of -34 - -22 - -20 - 36?
-28
What is the value of 5 + (8 - 11) + (-6 - -1)?
-3
What is -31 - ((17 - 50) + 4)?
-2
What is (-3 - 0 - 6) + -9 + 35 + -14?
3
What is (41 + -54 - -18) + 0 + 1 + -3?
3
What is the value of 10 + -7 + -2 + -1 + 8 + 1?
9
Evaluate (4 - 11) + -13 - -2.
-18
(0 - 2) + -12 + 108 + -100
-6
Evaluate -480 - -461 - (-20 + 1).
0
Evaluate (2 - -5) + 2 + -4 - (25 + -4).
-16
(-25 - -41) + -6 + -2 - (-1 - 7)
16
What is the value of 15 + -1 + -3 - 7?
4
What is 35 - 18 - ((2 - (1 - -4)) + 10)?
10
Evaluate -12 - (24 + -36) - (0 + -10).
10
-4 - (-14 - (-1 + -5)) - 16
-12
-10 + 2 - (-12 - (18 + -14))
8
What is the value of 54 - (27 + -31 + 20)?
38
19 + -48 + 38 + 25
34
Evaluate (-7 + (1 - -1) - (12 + -13)) + -4.
-8
What is 5 + -6 + -20 - 8?
-29
Evaluate -1 - 4 - (-38 + 24).
9
-6 + (1 - ((-2 - -1) + -4)) + -2
-2
Evaluate 90 + -32 - (-2 - -35).
25
(-16 + (45 - 20) - -2) + -7 + 0
4
What is the value of -8 - 22 - (6 - (21 + -3))?
-18
What is -7 - (-25 + -4) - (2 + -3 - -8)?
15
What is the value of (-10 - (0 + -9 - -6)) + -3?
-10
Evaluate (6 - -4) + 30 + -51.
-11
What is the value of -4 - -2 - 4 - (-4 - (-3 + -4))?
-9
Evaluate 0 + -1 + 2 - (10 - -2 - -1).
-12
What is the value of 0 - (-3 + 10 + 4)?
-11
What is the value of 14 + (6 + (-5 - -4) - (-1 - -1))?
19
(36 - 9 - 41) + 7
-7
Evaluate (-11 - -15 - (6 + 4 + -2)) + 5.
1
What is the value of -4 + 13 + -12 - (2 + 2) - 6?
-13
42 + -24 + -5 + -32
-19
Evaluate 9 - ((28 - 10) + -5) - 9.
-13
What is (-2 + 1 - -5) + (-30 - -9 - -34)?
17
Evaluate (2 - -1) + 24 + -27.
0
Calculate 8 + 9 + (6 - 0) + -4 + -7.
12
What is the value of 4 - (-3 + 1 + (1 - 7))?
12
What is the value of -25 + -22 + 39 - 3?
-11
Calculate 17 - (28 - (21 + -16)).
-6
Calculate (-1450 - -1491) + -49 + 1.
-7
Calculate 2 + (-9 - ((-11 - -17) + -13)).
0
Calculate -3 + 8 + (4 - 14).
-5
Evaluate -15 + (8 - (10 + -2) - 0).
-15
Calculate 4 - (31 - 30 - (1 - 0)).
4
Evaluate (-11 + 15 - -6) + 2.
12
Evaluate 4 - (4 - -3 - (-5 - 18)).
-26
Evaluate (2 + -2 - (2 + 3 + -6)) + 8.
9
What is the value of (0 - 13 - (-17 - -10)) + 6 - 2?
-2
Evaluate 5 + -7 + (20 - 10) + -29.
-21
What is the value of 26 + (-62 - (-68 - -41))?
-9
Calculate 7 + 4 + (5 - 11) - (-2 + -3).
10
9 - (-1 - -18) - -13
5
What is -5 + 16 + -2 - -8 - -16?
33
What is -1 + -3 + -4 - (-127 + 92)?
27
9 - (5 - (-7 + (0 - -10)))
7
Evaluate -3 + 6 + -18 - (-16 + 22).
-21
What is the value of 1 + -12 + (75 - 59) + -12?
-7
What is the value of 30 + -20 - ((-16 - (-5 + 3)) + 5)?
19
What is the value of -4 - (-15 + 18 + (-4 - -10 - 2))?
-11
Evaluate 0 + 2 + -2 + 0 - (1000 + -998).
-2
Evaluate -4 - ((-8 - -19) + -2 + -5 + 6).
-14
What is -19 - 6 - (15 - 30)?
-10
Calculate -3 - (3 + -18) - 14.
-2
Calculate -33 - (29 - 62 - -4).
-4
What is -1198 - -1203 - ((0 - -14) + -2 + 4)?
-11
What is 27 - (81 - 43) - (1 + -4) - 8?
-16
-16 - (-1 - (15 - (-9 + 21)))
-12
-21 - (-2 + 11 + (-3 - 8))
-19
Calculate -8 - ((1 - 16) + 17).
-10
Calculate 22 - (2 + (-3 - (-15 - -7))).
15
Evaluate (1 + -2 - 2) + 27 + 15 + -27.
12
What is the value of (8 - (-5 - -11) - (4 + 3)) + 7?
2
Calculate -8 + (-39 - -5) - (104 - 116).
-30
(0 - -7) + (-16 - (-2 - (6 + 3)))
2
Evaluate (-1 - (-2 + 5) - (161 - 157)) + -2.
-10
What is the value of 0 - (-3 + 8) - (102 - 82)?
-25
What is -586 + 599 - (1 - 0)?
12
What is 3 + -5 + (-69 - -86)?
15
What is the value of (-27 - 9 - -9) + (-6 - -14)?
-19
0 - (-11 + 3 + 2 + (-4 - -16))
-6
What is the value of -1 + -15 - (-675 - -668)?
-9
What is the value of -3 + 1 - (-2 + 6) - (-15 - -3)?
6
What is the value of -4 + 2 + -1 + -61 + 57?
-7
Calculate (-18 - -1) + 8 - -4.
-5
-11 - (0 + 8 - -12)
-31
26 - (-32 - (38 + -122))
-26
-2 - 1 - (-3 - 0) - -6
6
-4 + (-3 + (9 - 2) - (2 - 1))
-1
What is the value of (-69 - -67 - (-8 - (-2 - -2))) + -8?
-2
Calculate 22 - (-19 + 26 - -22).
-7
What is the value of 0 + 4 + -17 + -77 + 82?
-8
Calculate (-17 - -20) + (-1 - (-2 + (16 - -1))).
-13
Evaluate 1 + -2 - (-3 - -1 - -3) - 3.
-5
What is the value of -4 - -17 - (3 + 0 + 0)?
10
Calculate -5 - -3 - (27 + -27 + -17).
15
What is (-8 - -6) + (23 - (-25 + 75))?
-29
-44 - -48 - (1 + (-1 - -8))
-4
Evaluate -67 + 146 - (24 + 19).
36
What is the value of 10 - (-2 - 3 - (-23 + 18))?
10
Calculate 6 + (0 - -7 - (4 - (8 - -1))).
18
Evaluate 1 + (8 - -2) + -17 + 36 + -5.
25
Evaluate -3 + (-4 - -1) + -9 + 27.
12
-7 - 19 - (-25 - -12)
-13
Calculate 815 + -806 + 0 + -2 + 4.
11
10 + -16 + (10 - (4 + 10) - 2)
-12
Evaluate -127 + 135 - (11 + -1).
-2
What is the value of (11 - (14 - 20)) + -31 + -2?
-16
147 + -163 - (-1 + -1)
-14
Evaluate -15 + (30 - 11) + 7.
11
Evaluate -9 + (8 - -7) + (0 - 1) + -6.
-1
Calculate 5 + -5 + 5 + 11 + (-9 - -6).
13
What is 3 - -13 - (1 - (-2 + -2 + 2))?
13
Calculate -7 + -2 - -15 - 5 - 14.
-13
(-1 - -6) + (-35 - (-6 + 10 + -15))
-19
(14 - (18 - 10)) + 1 + -1 + 1
7
9 - (8 + 8) - -2 - -5
0
What is the value of 48 + -55 - (1 + -10)?
2
Evaluate 3 + -1 + 3 + (4 - -22 - 17).
14
(-25 - -24) + -7 + (2 + -1 - -29)
22
40 - 16 - 4 - (-3 + 15) - -14
22
Calculate -4 + 9 + (0 - -16) + 1 + 2.
24
Evaluate -12 - (5 - ((-8 - -12) + 5)).
-8
What is the value of -14 - 16 - (-2 + 1 + -5)?
-24
What is the value of -2 - -4 - (5 + (-9 - -6 - -2))?
-2
Evaluate -6 + ((-4 - 12) + 7 - (3 - -6)).
-24
What is 2 + -1 + 5 + (-10 - (7 - 28))?
17
What is (39 - 43) + (-3 - 10)?
-17
What is 9 + -54 + 24 + 0 + -7?
-28
What is 17 - 20 - (-10 + 4 + -3)?
6
7 - (9 - 2) - (1 + 3) - 10
-14
Evaluate 5 - 3 - (-6 + -1 + 3).
6
Calculate 1 - -10 - -22 - 5 - 11.
17
What is 14 - (-1 - 19 - -33)?
1
What is 0 + -26 + 2 - (-21 + 31 - 12)?
-22
What is 11 + 1 - 1 - (-98 - (-6 - 100))?
3
What is the value of 0 - 29 - (-266 + 236)?
1
Calculate 0 + 0 - (-32 + 16) - 5.
11
(10 - 7) + (-4 - (-2 - -17))
-16
What is the value of -1 - (1 + -1) - (-4 - (-7 + 7))?
3
(-10 - 32) + -33 + 88
13
Calculate -33 - (-5 + -78 - -42).
8
Calculate -25 + 51 - -3 - 46.
-17
What is (0 - (-25 + 12)) + 3 + 5?
21
Calculate -10 + 18 - -13 - 17.
4
What is the value of 8 + -21 + (13 - 19)?
-19
-7 + -12 + 42 + -11 + -4
8
What is -12 + 5 + (-51 - -47)?
-11
What is the value of 13 - (44 + 14 + 9 + -32)?
-22
Evaluate -12 + 3 + (9 - (-7 + 11)).
-4
What is the value of 2 + (-5 - (-1 - -7))?
-9
Evaluate 3 - (-7 - (-2 - 6) - 6).
8
What is (-1 - -9) + (0 - (0 - -2 - 7))?
13
10 + -4 + -5 + 35 + 1
37
Evaluate -419 + 453 - (-4 - -3).
35
What is (1 + -9 - (24 + -8 + -23)) + -5?
-6
What is -422 - -483 - (-1 + 29)?
33
Calculate 1 - 1 - 2 - (-2664 - -2670).
-8
What is the value of -12 - (-25 - -34) - -16?
-5
Calculate -30 + 19 + (30 - -4).
23
What is the value of 2 - -6 - (-7 + (1 - -7) - -5)?
2
What is -12 + -9 + (19 - 10)?
-12
Calculate (-3 - 3) + (11 - 28) + 32 + -8.
1
What is (-29 - -47) + -40 - -2?
-20
(4 - (9 - (10 - 11))) + -4 + 3
-7
Evaluate (-23 - (-14 + 5)) + 25.
11
Calculate -1 - -3 - (-14 - -10) - (7 + -5).
4
-12 + 27 + -7 + -25
-17
-9 - -5 - 7 - -4
-7
Calculate 67 + (3 - -6) + -42.
34
What is the value of 33 + -49 - (-28 - -4)?
8
What is the value of 4 - 6 - -4 - -1 - (7 + 1)?
-5
What is the value of -16 + 8 + -2 + 5 - 10?
-15
What is the value of (8 - 12 - (-4 - 10)) + 27 + -25?
12
What is the value of 19 + 5 + -16 + 5?
13
-5 + 1 + 0 + (1 - -2) - 11
-12
Calculate 6 + -5 + (-8 - -14) - (6 + -1).
2
(-18 - -32) + 0 - 31
-17
What is (-248 - -235) + (0 - -44) + (6 - 14)?
23
What is the value of 2 + -1 + 5 + (14 - 4)?
16
What is -27 + (10 - 2) + 30?
11
Evaluate (3 - (3 + 1) - -21) + 3 + -7.
16
What is the value of -12 - (-7 + (6 - 17))?
6
(51 - 54) + (0 - -15)
12
What is the value of (12 - (7 + -30)) + -11?
24
(-2 - (0 + -12) - 0) + (-600 - -568)
-22
Calculate 1544 + -1558 + (-1 - -38).
23
Calculate 14 + -6 - (2 + -9 - 2).
17
What is -26 - (42 + -50 + (2 - 0) + 1)?
-21
3 + -7 + -2 + 4 + 6 + -6